Suppose d - 6 = 22. Let w = -334 + 369. Calculate the highest common factor of w and d.
7
Let v(a) = 2*a**2 + 2*a + 32. Let q be v(0). Suppose 62 = 4*c - s - 2*s, 3*c = -5*s + q. Calculate the highest common factor of c and 154.
14
Let o(s) = -10*s + 3. Let w be o(2). Let z = w - -26. What is the greatest common divisor of 3 and z?
3
Let v(n) = -2*n**3 - 3*n**2 - n - 2. Let x be v(-2). Let t = 162 + -146. Calculate the greatest common divisor of x and t.
4
Suppose 4*m + 652 = 5*m + 5*p, 4*p - 3197 = -5*m. Calculate the greatest common factor of m and 49.
49
Suppose -34*n + 9612 = 55*n. What is the highest common factor of 48 and n?
12
Suppose 40*g - 36*g - 20 = 0. Calculate the greatest common divisor of 85 and g.
5
Let c be -6 + (-2060)/(-130) + (-2)/(-13). Calculate the greatest common divisor of 80 and c.
10
Suppose 4 = -5*x + 939. What is the highest common divisor of x and 17?
17
Let d = 33 + 2. Let q(w) = w + 8. Let z be q(-8). Suppose -5*x - 5*o + 165 = z, -4*o + 197 = 5*x + d. Calculate the highest common divisor of 6 and x.
6
Let b(h) = -8*h + 64. Let l(f) = -f + 7. Let i(p) = -6*b(p) + 56*l(p). Let s be i(-4). What is the highest common factor of 160 and s?
40
Let n(b) = b**3 + 19*b**2 + 59*b + 18. Let z be n(-15). What is the greatest common factor of z and 24?
3
Let o = 86 - -5. Let v(q) = q**2 + q + 3. Let x be v(3). Suppose l + x - 28 = 0. What is the greatest common factor of o and l?
13
Let p = -40 - -22. Let o = p - -45. Suppose -d + o = 3. Calculate the greatest common factor of d and 6.
6
Let l be (-16002)/(-105) - 6/15. Calculate the greatest common divisor of 171 and l.
19
Suppose 4*t = 2*a - 4, -4*a + 3*t + 11 = 3. Suppose -5*o = 2*r - 135, -3*o - a*o - 45 = -r. What is the highest common divisor of r and 12?
12
Suppose -4*o = -6*o - 80. Let u be (3 + 1)*(-70)/o. Let v = 11 - u. What is the highest common divisor of 16 and v?
4
Let d(k) = 89*k**2 + 6*k - 5. Let w be d(1). Let q be (-2)/4*(18 + -38). What is the greatest common factor of w and q?
10
Let c = 6 - 8. Let g be (-1)/(-3 + (4 - 0)). Let s be c/(-1)*g + 62. Calculate the greatest common divisor of s and 24.
12
Suppose 0 = -u + 200 - 197. Let h = -5 - -13. Let a = h + 4. What is the highest common divisor of a and u?
3
Let j = 57 + -122. Let p = -37 - j. What is the highest common factor of p and 70?
14
Let t be 2*41 - 3/(-1). Suppose 0 = -3*d + 8*d - t. Calculate the greatest common divisor of d and 17.
17
Let l(o) = -3*o**2 - 34*o - 9. Let b be l(-11). Let y(j) = j**3 + 2. Let z be y(b). Calculate the greatest common divisor of z and 5.
5
Let s = -396 - -408. Calculate the greatest common divisor of 76 and s.
4
Let d(z) = z - 4. Let w be d(8). Suppose 20 = 4*n + 2*l - 3*l, w*n = -5*l - 4. Suppose 48 = -2*s + n*s. What is the greatest common factor of 16 and s?
8
Suppose 5*u - 3*a = -4*a + 18, 0 = -4*u - a + 14. Calculate the greatest common divisor of u and 1124.
4
Let o be ((-21)/4)/((-25)/(-800)). Let z = o + 282. What is the highest common factor of z and 6?
6
Let s be 1203/9 + (1 - 4/6). Let a = 137 - s. What is the greatest common factor of a and 51?
3
Let p = -17 - -49. Let b be 10/(-4)*128/(-2). What is the highest common divisor of p and b?
32
Let q(z) = -2*z**3 - 5*z**2 + 2*z - 2. Let a be q(-4). Let y = 173 - 78. Calculate the highest common divisor of a and y.
19
Let n = 88 - 98. Let t be 6/n - 2337/(-95). What is the greatest common divisor of t and 72?
24
Suppose 16 = 326*g - 325*g. Calculate the greatest common factor of 24 and g.
8
Suppose 8*b - 3*b = 540. Suppose 3*c - 6*c = -12. Suppose -5*g + 48 = c*r, -7*r - 4*g = -3*r - 48. What is the greatest common divisor of b and r?
12
Suppose -3*y + 4 = p, -3*p + 4 - 2 = -y. Suppose 0*g + 3*g = l + y, l = -4*g + 20. Suppose -2*i + i + l = 0. Calculate the highest common divisor of i and 40.
8
Let u(m) = 3*m**2 - 3*m + 38. Let w be u(13). What is the highest common factor of w and 46?
46
Suppose -2*m + 827 - 727 = 0. Calculate the highest common factor of m and 50.
50
Suppose 16 = -5*q - 2*x + 424, 5*x = q - 60. Suppose -2*d = l - 40, -2*l + 5*d + 8 + 36 = 0. Calculate the greatest common divisor of l and q.
16
Let j = -7 - -22. Let h be (-4)/14 + 64/28. Let c be h/6*6 - -73. What is the greatest common factor of j and c?
15
Let t be 2 - (2/(-2) + -26). Let a(f) = 7*f + 302. Let x be a(-39). What is the greatest common factor of t and x?
29
Suppose 0 = y - 3*s - 39, -2*y - 11*s = -6*s - 133. What is the highest common divisor of y and 333?
9
Let p(l) = l**2 + 6*l + 36. Let x be p(-9). Suppose -6*q - 20 = -5*q. Let r = q - -29. What is the highest common divisor of x and r?
9
Suppose -29 = 3*m + 13. Let o be 1*(-12)/m*21. Let d be -7 + 14 - 5 - (0 + 0). Calculate the greatest common factor of d and o.
2
Let t(o) = -o**3 - 2*o**2 + o + 2. Let q be t(2). Let m be -58*2*q/16. Calculate the highest common factor of m and 29.
29
Let x be (2 + 3)*(-12)/(-5). Suppose 2*f - 197 = -185. Let q be ((-12)/2)/((8 - f)/(-4)). What is the highest common factor of q and x?
12
Let y be (-8)/((-16)/(-426)) - -2. Let i = y - -295. Calculate the greatest common factor of i and 12.
12
Suppose -7*i = 403 - 1733. What is the highest common factor of 30 and i?
10
Let d = 114 + -32. What is the highest common divisor of 205 and d?
41
Let i(w) = w + 1. Let c be i(-1). Let z(n) = 30*n + 0*n**3 - n**3 - 30*n + 120. Let q be z(c). Calculate the highest common divisor of q and 15.
15
Let i = -15 + 89. Let z = i - 34. What is the highest common divisor of 16 and z?
8
Suppose -l = -122 - 118. Suppose -l = 9*q - 5*q. Let f be q/5*(-10 - 1). Calculate the highest common divisor of f and 12.
12
Let s be (-733 - -739)*(-2)/(1/(-1)). Let h = 27 + -18. What is the highest common divisor of s and h?
3
Suppose -5*m + 24 = -2*m. Let c = 13 - m. Let t(f) = -30*f**3 - 2*f - 2. Let l be t(-1). Calculate the highest common divisor of l and c.
5
Let y = -438 - -448. Calculate the greatest common divisor of 65 and y.
5
Suppose 9*p - 5*p = -140. Let b = 140 + p. What is the highest common divisor of 15 and b?
15
Let g = -636 + 638. Calculate the greatest common divisor of g and 53.
1
Let r be -664 - -4 - (-2 - -5). Let j be r/9 + (-4)/(-6). Let z = j - -115. What is the highest common divisor of z and 63?
21
Let n = -493 - -778. Calculate the greatest common divisor of n and 45.
15
Let m = -663 + 671. Suppose 0 = c + c - 80. Calculate the highest common divisor of m and c.
8
Let h(p) = -2*p + 23. Let z be h(5). Suppose 2*r + 2*j - 216 = 0, -2*j - j = -3*r + 300. What is the highest common factor of r and z?
13
Let f = -60 + 106. Let n be (-2)/(-9) + 2896/9. Calculate the highest common factor of n and f.
46
Let c(u) = 2*u**3 + u**2 + 2*u + 1. Let k be c(4). Suppose 5*d - n - 40 = 0, -d - 12 = -5*n + 4. Calculate the greatest common divisor of k and d.
9
Suppose -2*a + 9 = j, -a - 5*j + 10 = -17. Suppose 2*i + 15 + 6 = -5*v, 0 = i - 3*v - 17. What is the greatest common divisor of i and a?
2
Let d(f) = 9*f - 19. Let s be d(6). Let y = -11 + s. Let g be 60*(y/20)/3. Calculate the highest common divisor of g and 8.
8
Let z(m) = -m**3 + 10*m**2 + m + 6. Let q be z(8). Suppose 0 = -5*c - 2*f + 3*f + 239, -q = -3*c + 2*f. What is the highest common divisor of 8 and c?
8
Suppose 0 = 9*n - 4*n. Suppose n*w + 36 = 2*w. Suppose p + 4*p - 30 = -2*q, -4*q + 12 = 2*p. Calculate the greatest common factor of w and p.
6
Suppose -w = 5*t - 81 - 176, -3*w - 269 = -5*t. Let m = -32 - -64. Suppose -m*d + 13 = -31*d. Calculate the greatest common divisor of t and d.
13
Let m be 15 - -9*(-6)/9. Calculate the highest common divisor of m and 72.
9
Let c(f) = f - 1. Let o be c(8). Suppose y + o = 2. Let v = 15 + y. What is the highest common factor of v and 90?
10
Let l(x) = -x**3 - 10*x**2 + 12*x + 48. Let w be l(-12). Calculate the highest common divisor of 368 and w.
16
Suppose 9*j + 1721 = 10469. Calculate the highest common factor of 36 and j.
36
Let d(a) = 2*a**2 + 5*a - 3. Let s be d(6). Suppose 0 = -4*p + 35 - 11. Suppose y - 3 = p. Calculate the highest common factor of s and y.
9
Let z be 2*(2 - (0 - 14)). Suppose -j = -3*k + z, -3*k - 2*j + 48 = j. What is the greatest common divisor of k and 36?
12
Let g = 11 + 4. Suppose 3*r = 5*r - 330. What is the greatest